{"id":640,"date":"2023-05-23T16:25:50","date_gmt":"2023-05-23T14:25:50","guid":{"rendered":"https:\/\/kmcr.fr\/?page_id=640"},"modified":"2023-07-24T17:29:53","modified_gmt":"2023-07-24T15:29:53","slug":"a-propos","status":"publish","type":"page","link":"https:\/\/kmcr.fr\/index.php\/a-propos\/","title":{"rendered":"\u00c0 propos"},"content":{"rendered":"\t\t<div data-elementor-type=\"wp-page\" data-elementor-id=\"640\" class=\"elementor elementor-640\">\n\t\t\t\t\t\t<section class=\"elementor-section elementor-top-section elementor-element elementor-element-c3b3e6a elementor-section-height-min-height elementor-section-boxed elementor-section-height-default elementor-section-items-middle\" data-id=\"c3b3e6a\" data-element_type=\"section\" data-e-type=\"section\" data-settings=\"{&quot;background_background&quot;:&quot;gradient&quot;}\">\n\t\t\t\t\t\t\t<div class=\"elementor-background-overlay\"><\/div>\n\t\t\t\t\t\t\t<div class=\"elementor-container elementor-column-gap-wider\">\n\t\t\t\t\t<div class=\"elementor-column elementor-col-100 elementor-top-column elementor-element elementor-element-fa16fff\" data-id=\"fa16fff\" data-element_type=\"column\" data-e-type=\"column\" data-settings=\"{&quot;background_background&quot;:&quot;classic&quot;}\">\n\t\t\t<div class=\"elementor-widget-wrap elementor-element-populated\">\n\t\t\t\t\t<div class=\"elementor-background-overlay\"><\/div>\n\t\t\t\t\t\t<div class=\"elementor-element elementor-element-8d91eb4 elementor-widget elementor-widget-heading\" data-id=\"8d91eb4\" data-element_type=\"widget\" data-e-type=\"widget\" data-widget_type=\"heading.default\">\n\t\t\t\t<div class=\"elementor-widget-container\">\n\t\t\t\t\t<h2 class=\"elementor-heading-title elementor-size-default\">\u00c0 PROPOS<\/h2>\t\t\t\t<\/div>\n\t\t\t\t<\/div>\n\t\t\t\t<div class=\"elementor-element elementor-element-f34f3d9 elementor-widget elementor-widget-heading\" data-id=\"f34f3d9\" data-element_type=\"widget\" data-e-type=\"widget\" data-widget_type=\"heading.default\">\n\t\t\t\t<div class=\"elementor-widget-container\">\n\t\t\t\t\t<h5 class=\"elementor-heading-title elementor-size-default\">LE KRAV MAGA, SES PRINCIPES, SES TECHNIQUES, LES PR\u00c9JUG\u00c9S <br><br><\/h5>\t\t\t\t<\/div>\n\t\t\t\t<\/div>\n\t\t\t\t<div class=\"elementor-element elementor-element-a3e0c59 elementor-widget elementor-widget-heading\" data-id=\"a3e0c59\" data-element_type=\"widget\" data-e-type=\"widget\" data-widget_type=\"heading.default\">\n\t\t\t\t<div class=\"elementor-widget-container\">\n\t\t\t\t\t<h2 class=\"elementor-heading-title elementor-size-default\"><br>Le Krav Maga : un sport de combat rapproch\u00e9<\/h2>\t\t\t\t<\/div>\n\t\t\t\t<\/div>\n\t\t\t\t<div class=\"elementor-element elementor-element-45cf481 elementor-widget elementor-widget-text-editor\" data-id=\"45cf481\" data-element_type=\"widget\" data-e-type=\"widget\" data-widget_type=\"text-editor.default\">\n\t\t\t\t<div class=\"elementor-widget-container\">\n\t\t\t\t\t\t\t\t\t<p>Le Krav Maga (combat rapproch\u00e9 en h\u00e9breu) est un syst\u00e8me complet de combat d&rsquo;origine isra\u00e9lienne, cr\u00e9\u00e9 dans la premi\u00e8re moiti\u00e9 du 20\u00e8me si\u00e8cle par Imi Lichtenfeld.<\/p><p>\u00a0<\/p>\t\t\t\t\t\t\t\t<\/div>\n\t\t\t\t<\/div>\n\t\t\t\t<div class=\"elementor-element elementor-element-8872082 elementor-widget elementor-widget-heading\" data-id=\"8872082\" data-element_type=\"widget\" data-e-type=\"widget\" data-widget_type=\"heading.default\">\n\t\t\t\t<div class=\"elementor-widget-container\">\n\t\t\t\t\t<h2 class=\"elementor-heading-title elementor-size-default\">Les principes du Krav Maga<\/h2>\t\t\t\t<\/div>\n\t\t\t\t<\/div>\n\t\t\t\t<div class=\"elementor-element elementor-element-7a7f9a7 elementor-widget__width-initial elementor-widget elementor-widget-text-editor\" data-id=\"7a7f9a7\" data-element_type=\"widget\" data-e-type=\"widget\" data-widget_type=\"text-editor.default\">\n\t\t\t\t<div class=\"elementor-widget-container\">\n\t\t\t\t\t\t\t\t\t<p>Ses trois principes essentiels sont : Simplicit\u00e9, Efficacit\u00e9, Rapidit\u00e9. <br>Principes auxquels nous pourrions ajouter l&rsquo;humilit\u00e9 qui est primordiale.&nbsp;&nbsp;<br>Humilit\u00e9 dans son apprentissage, envers son niveau et face \u00e0 un adversaire.<\/p><p><br><\/p>\t\t\t\t\t\t\t\t<\/div>\n\t\t\t\t<\/div>\n\t\t\t\t<div class=\"elementor-element elementor-element-bb6fb1b elementor-widget elementor-widget-heading\" data-id=\"bb6fb1b\" data-element_type=\"widget\" data-e-type=\"widget\" data-widget_type=\"heading.default\">\n\t\t\t\t<div class=\"elementor-widget-container\">\n\t\t\t\t\t<h2 class=\"elementor-heading-title elementor-size-default\">Les techniques du Krav Maga<\/h2>\t\t\t\t<\/div>\n\t\t\t\t<\/div>\n\t\t\t\t<div class=\"elementor-element elementor-element-413f2b5 elementor-widget elementor-widget-text-editor\" data-id=\"413f2b5\" data-element_type=\"widget\" data-e-type=\"widget\" data-widget_type=\"text-editor.default\">\n\t\t\t\t<div class=\"elementor-widget-container\">\n\t\t\t\t\t\t\t\t\t<p>Le Krav Maga est assis sur des bases strictes et des techniques propres, qui peuvent ensuite s&rsquo;adapter \u00e0 bon nombre de situations. Les mouvements peuvent s&#8217;embo\u00eeter comme des \u00ab\u00a0Lego\u00a0\u00bb dans diff\u00e9rentes situations : c&rsquo;est ce qui vous fera \u00e0 terme reconna\u00eetre le Krav Maga r\u00e9el des techniques de self d\u00e9fenses m\u00e9lang\u00e9es entre elles sans aucune coh\u00e9rence. <\/p>\n<p>Le Krav Maga n&rsquo;est pas une juxtaposition de techniques \u00ab\u00a0vol\u00e9es\u00a0\u00bb \u00e0 des sports de combat ou des arts martiaux : un enseignant qui vous affirme cela indique qu&rsquo;il n&rsquo;a pas appris le Krav Maga mais tente d&rsquo;adapter ce qu&rsquo;il sait faire sous une enseigne \u00ab\u00a0Krav Maga\u00a0\u00bb. Notre discipline est tr\u00e8s sp\u00e9cifique. Pour la comprendre d&rsquo;abord, l&rsquo;enseigner ensuite, il faut au pr\u00e9alable l&rsquo;avoir apprise, ce qui n&rsquo;est malheureusement pas souvent le cas.<\/p>\n<p><br><\/p>\t\t\t\t\t\t\t\t<\/div>\n\t\t\t\t<\/div>\n\t\t\t\t<div class=\"elementor-element elementor-element-343ea65 elementor-widget elementor-widget-heading\" data-id=\"343ea65\" data-element_type=\"widget\" data-e-type=\"widget\" data-widget_type=\"heading.default\">\n\t\t\t\t<div class=\"elementor-widget-container\">\n\t\t\t\t\t<h2 class=\"elementor-heading-title elementor-size-default\">Les pr\u00e9jug\u00e9s<\/h2>\t\t\t\t<\/div>\n\t\t\t\t<\/div>\n\t\t\t\t<div class=\"elementor-element elementor-element-6d350be elementor-widget elementor-widget-text-editor\" data-id=\"6d350be\" data-element_type=\"widget\" data-e-type=\"widget\" data-widget_type=\"text-editor.default\">\n\t\t\t\t<div class=\"elementor-widget-container\">\n\t\t\t\t\t\t\t\t\t<p>Ne pr\u00eatez pas attention au marketing para-militaire ou aux r\u00e9f\u00e9rences aux forces sp\u00e9ciales propos\u00e9s par des clubs de sport \u00ab\u00a0civils\u00a0\u00bb ! Ce ne sont que des effets de postures qui sont g\u00e9n\u00e9ralement bannis par le Krav Maga : ce sera l\u00e0 votre premi\u00e8re le\u00e7on de Krav ! Les militaires et les policiers ont d&rsquo;autres contraintes, d&rsquo;autres r\u00e8gles, d&rsquo;autres fonctions, d&rsquo;autres missions. Le Krav Maga comporte deux parties : la self-d\u00e9fense et le combat qui sont indissociables. Il n&rsquo;y a pas de r\u00e8gles au Krav Maga : la comp\u00e9tition y est donc un non-sens, et il n&rsquo;y a pas de \u00ab\u00a0champions\u00a0\u00bb au Krav Maga.<br><br><\/p>\t\t\t\t\t\t\t\t<\/div>\n\t\t\t\t<\/div>\n\t\t\t\t\t<\/div>\n\t\t<\/div>\n\t\t\t\t\t<\/div>\n\t\t<\/section>\n\t\t\t\t<\/div>\n\t\t","protected":false},"excerpt":{"rendered":"<p>\u00c0 PROPOS LE KRAV MAGA, SES PRINCIPES, SES TECHNIQUES, LES PR\u00c9JUG\u00c9S Le Krav Maga : un sport de combat rapproch\u00e9 Le Krav Maga (combat rapproch\u00e9 en h\u00e9breu) est un syst\u00e8me complet de combat d&rsquo;origine isra\u00e9lienne, cr\u00e9\u00e9 dans la premi\u00e8re moiti\u00e9 du 20\u00e8me si\u00e8cle par Imi Lichtenfeld. \u00a0 Les principes du Krav Maga Ses trois principes&#8230;<\/p>\n","protected":false},"author":1,"featured_media":0,"parent":0,"menu_order":0,"comment_status":"closed","ping_status":"closed","template":"","meta":{"_monsterinsights_skip_tracking":false,"_monsterinsights_sitenote_active":false,"_monsterinsights_sitenote_note":"","_monsterinsights_sitenote_category":0,"_kad_post_transparent":"","_kad_post_title":"hide","_kad_post_layout":"fullwidth","_kad_post_sidebar_id":"","_kad_post_content_style":"unboxed","_kad_post_vertical_padding":"hide","_kad_post_feature":"hide","_kad_post_feature_position":"","_kad_post_header":false,"_kad_post_footer":false,"_kad_post_classname":"","footnotes":""},"class_list":["post-640","page","type-page","status-publish","hentry"],"_links":{"self":[{"href":"https:\/\/kmcr.fr\/index.php\/wp-json\/wp\/v2\/pages\/640","targetHints":{"allow":["GET"]}}],"collection":[{"href":"https:\/\/kmcr.fr\/index.php\/wp-json\/wp\/v2\/pages"}],"about":[{"href":"https:\/\/kmcr.fr\/index.php\/wp-json\/wp\/v2\/types\/page"}],"author":[{"embeddable":true,"href":"https:\/\/kmcr.fr\/index.php\/wp-json\/wp\/v2\/users\/1"}],"replies":[{"embeddable":true,"href":"https:\/\/kmcr.fr\/index.php\/wp-json\/wp\/v2\/comments?post=640"}],"version-history":[{"count":70,"href":"https:\/\/kmcr.fr\/index.php\/wp-json\/wp\/v2\/pages\/640\/revisions"}],"predecessor-version":[{"id":1434,"href":"https:\/\/kmcr.fr\/index.php\/wp-json\/wp\/v2\/pages\/640\/revisions\/1434"}],"wp:attachment":[{"href":"https:\/\/kmcr.fr\/index.php\/wp-json\/wp\/v2\/media?parent=640"}],"curies":[{"name":"wp","href":"https:\/\/api.w.org\/{rel}","templated":true}]}}